 10 + 27. Calculate the remainder when g is divided by 1/((-1)/2)*y.
7
Let l = -16 - -88. Suppose 2*x + 5*v - l = -2*x, 4*x - 36 = 4*v. Let s = 194 + -170. Calculate the remainder when s is divided by x.
11
Suppose 0 = -4*b - 2*h + 96, -8*b - 5*h - 68 = -12*b. What is the remainder when 305 is divided by b?
19
Let n be 2/(-14) + (-118)/7. Let x(a) = a**3 + 17*a**2 - 2*a - 28. What is the remainder when 15 is divided by x(n)?
3
Calculate the remainder when 138 is divided by (-3)/5*(-8760)/144*2.
65
Let n(p) = p**2 - 16*p - 52. What is the remainder when 102 is divided by n(19)?
2
Let y(u) = -19*u**2 - 8*u - 5. Let l be y(7). Let s be l/(-56) - (-4)/14. Suppose -2*v + 5*v = s. What is the remainder when 11 is divided by v?
5
Suppose -g - 267 - 475 = -5*u, -4*g + 459 = 3*u. Calculate the remainder when u is divided by 8.
5
Let q = 9 - 15. Let f = 7 - q. Suppose a = u + 9, -3*a + 27 = -4*u - 2. Calculate the remainder when f is divided by a.
6
Suppose -41 = -6*z + 13. Suppose -8*k - 78 = -z*k. Calculate the remainder when k is divided by 20.
18
Suppose -b - 5*g + 34 + 33 = 0, -5*b - 3*g = -401. What is the remainder when 324 is divided by b?
78
What is the remainder when 288 - 4/(12/9) is divided by (-8)/(-14) - ((-1981)/49 + -7)?
45
Suppose n - 2 = 1. Suppose -15 = -i + 5*t, 12 = -7*t + n*t. Suppose i = 17*h - 12*h - 60. What is the remainder when h is divided by 7?
5
Suppose 2*h = -3*h - 5*t + 25, -3*h + 5*t = -23. What is the remainder when 0 - (-675)/h - 12/8 is divided by 29?
24
Let f be (-3)/(((-39)/70)/13). Suppose 2*w - f = 6. What is the remainder when w is divided by ((-2)/4)/((-2)/52)?
12
Suppose -4*x = -4*o + 51 - 39, 4*o - 15 = x. Calculate the remainder when 40 is divided by o.
0
Let l(j) = -46*j**2 + 6*j - 3. Let x be l(2). Let g = 196 + x. What is the remainder when 1/(-4) + (-333)/(-4) is divided by g?
20
Let w = 32 - 17. Suppose -3*f + 15 = 0, 267*f = -3*u + 269*f + 71. What is the remainder when u is divided by w?
12
Suppose k + 52*o + 10 = 47*o, -5*k - 2*o = -65. Calculate the remainder when (-1 - -2)*(0 - -59) is divided by k.
14
Suppose -7*t + 2*t = 15. Calculate the remainder when (-1)/t*69 - 4 is divided by 10.
9
Suppose -3*b + 10*g - 8*g = -191, 4*g + 256 = 4*b. Calculate the remainder when b is divided by 17.
12
Let f(q) = -q - 18. Let p be f(-17). Calculate the remainder when 80 is divided by 9/(3 + p - 1).
8
Suppose -107 = 4*l - 1771. Calculate the remainder when l is divided by 19.
17
Suppose 4*b = -5*y + 4, 4*y = -2*b - y - 8. Let k = 1 - -8. What is the remainder when k is divided by b?
3
What is the remainder when 130 is divided by (46/(-3)*1)/((-310)/465)?
15
Suppose -4*y + y - 4*n + 409 = 0, 0 = -3*y - 2*n + 401. Calculate the remainder when y is divided by 38.
17
Let r = 16 + -21. Let q be 3 + -4*r/(-10). Suppose 2*p = -q + 5. Calculate the remainder when p is divided by 2.
0
Let c(l) = -l**3 + 8*l**2 + 23*l - 8. What is the remainder when c(-5) is divided by 17?
15
Let f = -76 + 94. Calculate the remainder when f is divided by 7.
4
What is the remainder when 153 is divided by 120/11*(-880)/(-160)?
33
Suppose 4*x - 3*z = -0*z + 26, 4*x - 5*z - 22 = 0. Let b = 15 + -12. Suppose x*p = b*p + 65. Calculate the remainder when 36 is divided by p.
10
Let o(p) = -p**2 + 19*p - 42. Let x be o(17). Calculate the remainder when (x - -23)*2/2 is divided by 6.
3
Suppose -3*i - 5*w = -2*w - 27, 2*w = -4*i + 46. Let k = -1 - 0. Calculate the remainder when 47 is divided by (i/56)/(k/(-68)).
13
Let t(w) be the third derivative of w**5/20 + w**4/2 + 5*w**3/3 - 14*w**2. What is the remainder when 37/2 + 6/12 is divided by t(-4)?
9
Suppose 0 = 32*p - 9*p - 25875. What is the remainder when p is divided by 94?
91
Suppose -u = 2, 43 = 2*f - 2*u - 145. Suppose -q + 1 = 2*r, 3*q - 4 = 4*r - q. Suppose r*n + 4*n - f = 0. What is the remainder when n is divided by 12?
11
What is the remainder when 46 is divided by 4/24 + ((-375)/(-18))/1?
4
Suppose -4*g + 180 + 12 = 0. Calculate the remainder when g is divided by 33.
15
Suppose r - 23 + 29 = 0. What is the remainder when 31 is divided by 52/3 - (-2)/r?
14
Let j = 22 + -22. Suppose d - 9 - 14 = 0. Let o = d - j. What is the remainder when 68 is divided by o?
22
Let d(f) = -f**2 + 4*f + 5. Let r be d(3). Let q = r + -3. Calculate the remainder when 18 is divided by q.
3
Suppose 96 = 4*c - 53*z + 49*z, 4*c - 99 = 5*z. What is the remainder when 206 is divided by c?
17
Let m = 378 - 371. Calculate the remainder when 55 is divided by m.
6
Let y be (2 - 0)*106/(-4). Let k = y + 84. Let c = k - 7. Calculate the remainder when 71 is divided by c.
23
Suppose 0 = 21*i - 16*i - 250. What is the remainder when 56*4/(40/35) is divided by i?
46
Suppose 13 = 2*d - 1. Suppose 2*m + 44 = -6*w + 2*w, 3*w = 9. Calculate the remainder when (-2 + (-52)/10)*70/m is divided by d.
4
Let f = -315 - -355. Calculate the remainder when f is divided by 14.
12
Let v be (-2 + (-16)/(-6))/(3/63). Suppose f + 6*b - v = 4*b, 0 = 2*f - 4*b - 4. Calculate the remainder when f is divided by 5.
3
Let w(m) = m**2 + 14*m + 31. Let d be w(-9). Let g = 27 + d. Calculate the remainder when 103 is divided by g.
12
Let t(u) = -6*u - 83. Calculate the remainder when 51 is divided by t(-16).
12
Suppose 5*h - 42 = 8. Let m(t) = -2*t - 3. What is the remainder when h is divided by m(-5)?
3
Calculate the remainder when 268 is divided by (0 - 39)*(8/(-6))/1.
8
Let m be (-1125)/(-12) - (-1)/4. Let f = m - 66. What is the remainder when 82 is divided by f?
26
Suppose 2*n - 121 - 133 = 0. Calculate the remainder when n is divided by 45.
37
Suppose -2*g = 5*k - 3*k - 46, -29 = -k + g. Calculate the remainder when 363 is divided by k.
25
Suppose 5*v - 4*o - 69 - 46 = 0, -5*v + 2*o = -125. What is the remainder when 132 is divided by v?
24
Suppose 6*b + 3*z = 5*b + 5, 0 = b - 5*z - 13. What is the remainder when 85 is divided by b?
5
Suppose -13067 = -30*x - 1367. What is the remainder when x is divided by 28?
26
Let s = 3 + 5. Let f be (3 - 27/(-6))*s. Suppose 4*k = -4*h + f, -4*k = -h + 10 + 25. Calculate the remainder when h is divided by 11.
8
Suppose -8*l - 342 = -14*l. Calculate the remainder when l is divided by 12.
9
Let h = 17 - 9. Let o(a) = 19*a**3 + 3*a**3 + a**2 - 2*a**2 - 7 + 9. What is the remainder when o(1) is divided by h?
7
Suppose 3*h - m = -35, 2*h + 21 = h - 2*m. Let p(n) = -n - 5. Calculate the remainder when 28 is divided by p(h).
4
Let k = 14 + -11. Suppose -5*v + 5 = -u + 6*u, 0 = -k*u - 2*v + 3. Calculate the remainder when u/(-2)*(-3 + -89) is divided by 16.
14
Let m = 740 + -724. What is the remainder when 53 is divided by m?
5
Let a(b) = -7*b + 232. Let o be a(0). Suppose -3*m + o = -5*y, m + 5*y + 158 = 3*m. What is the remainder when m is divided by 21?
11
Suppose 30*k - 1376 = 22*k. What is the remainder when k is divided by 63?
46
Let n(u) = 11*u**2 - 791*u + 758. Suppose -3*q = -5*q + 20. Calculate the remainder when n(71) is divided by (-51)/(-5) - 2/q.
8
Let q(y) be the third derivative of 0*y + 1/30*y**5 + 0 + 1/3*y**4 - 1/2*y**3 + 10*y**2. What is the remainder when q(-6) is divided by 12?
9
Let w = -5 + 7. Suppose d = -w*d + 54. What is the remainder when d is divided by 5?
3
Let t(n) = -13*n + 97. Suppose 4*c - 24 = -3*v, -1 - 3 = 2*v - 4*c. What is the remainder when t(7) is divided by v?
2
What is the remainder when 165 is divided by ((-210)/40 + 7)/(2/32)?
25
Let g(k) be the first derivative of -3*k**2/2 - 7*k + 2. Suppose 24*d + 0*d + 0*d = 864. Calculate the remainder when d is divided by g(-6).
3
Let s = -473 - -546. Calculate the remainder when s is divided by 20.
13
Let d be (2/(-4))/(1/2). Let a(z) = -43*z**3 - z**2 + 1. What is the remainder when a(d) is divided by 22?
21
Let p = 47 + -34. Calculate the remainder when (-15)/2*(-9 + 5) is divided by p.
4
Let o = -998 - -1034. Let q = 39 - -32. What is the remainder when q is divided by o?
35
Suppose q - 2*n + 21 = 0, 52 + 41 = -4*q - n. Let u = 16 + q. Let m(z) = -z**3 - 6*z**2 + 6*z - 1. What is the remainder when 17 is divided by m(u)?
5
Suppose -138*l = -141*l + 129. What is the remainder when l is divided by 14?
1
Calculate the remainder when (15 + 9)/((-12)/(-16)) is divided by 5.
2
Let n(q) = q**2 + q - 18. Calculate the remainder wh